n 3093 is divided by 27?
15
What is the remainder when 669 is divided by 192?
93
Calculate the remainder when 7376 is divided by 15.
11
Calculate the remainder when 71 is divided by 4.
3
What is the remainder when 58 is divided by 4?
2
What is the remainder when 53 is divided by 6?
5
What is the remainder when 341 is divided by 43?
40
Calculate the remainder when 165 is divided by 150.
15
What is the remainder when 279 is divided by 270?
9
What is the remainder when 269 is divided by 34?
31
Calculate the remainder when 3827 is divided by 116.
115
What is the remainder when 103 is divided by 38?
27
Calculate the remainder when 6 is divided by 6.
0
Calculate the remainder when 2356 is divided by 589.
0
What is the remainder when 54 is divided by 12?
6
Calculate the remainder when 791 is divided by 140.
91
What is the remainder when 813 is divided by 102?
99
What is the remainder when 611 is divided by 47?
0
What is the remainder when 88 is divided by 78?
10
Calculate the remainder when 5680 is divided by 196.
192
What is the remainder when 603 is divided by 6?
3
What is the remainder when 534 is divided by 5?
4
What is the remainder when 935 is divided by 238?
221
What is the remainder when 443 is divided by 45?
38
What is the remainder when 36 is divided by 16?
4
What is the remainder when 10174 is divided by 48?
46
Calculate the remainder when 285 is divided by 70.
5
Calculate the remainder when 136 is divided by 18.
10
Calculate the remainder when 79 is divided by 50.
29
Calculate the remainder when 331 is divided by 84.
79
Calculate the remainder when 763 is divided by 59.
55
What is the remainder when 6351 is divided by 235?
6
What is the remainder when 6749 is divided by 8?
5
What is the remainder when 220 is divided by 79?
62
Calculate the remainder when 1271 is divided by 127.
1
Calculate the remainder when 156 is divided by 143.
13
Calculate the remainder when 1931 is divided by 46.
45
What is the remainder when 322 is divided by 36?
34
Calculate the remainder when 330 is divided by 159.
12
Calculate the remainder when 5978 is divided by 8.
2
Calculate the remainder when 416 is divided by 31.
13
What is the remainder when 3179 is divided by 43?
40
Calculate the remainder when 1565 is divided by 98.
95
What is the remainder when 965 is divided by 7?
6
What is the remainder when 2216 is divided by 30?
26
Calculate the remainder when 231 is divided by 24.
15
What is the remainder when 589 is divided by 33?
28
What is the remainder when 27923 is divided by 9303?
14
What is the remainder when 271 is divided by 12?
7
What is the remainder when 198 is divided by 97?
4
What is the remainder when 5025 is divided by 717?
6
Calculate the remainder when 850 is divided by 21.
10
Calculate the remainder when 4 is divided by 2.
0
Calculate the remainder when 8851 is divided by 35.
31
Calculate the remainder when 14818 is divided by 20.
18
What is the remainder when 210 is divided by 97?
16
What is the remainder when 222 is divided by 79?
64
What is the remainder when 467 is divided by 67?
65
What is the remainder when 1224 is divided by 167?
55
What is the remainder when 91 is divided by 31?
29
Calculate the remainder when 151 is divided by 9.
7
What is the remainder when 278 is divided by 34?
6
What is the remainder when 8557 is divided by 8?
5
Calculate the remainder when 2622 is divided by 8.
6
What is the remainder when 107 is divided by 35?
2
What is the remainder when 131 is divided by 13?
1
Calculate the remainder when 3313 is divided by 121.
46
What is the remainder when 905 is divided by 159?
110
Calculate the remainder when 668 is divided by 47.
10
Calculate the remainder when 291 is divided by 35.
11
Calculate the remainder when 707 is divided by 400.
307
Calculate the remainder when 154 is divided by 90.
64
Calculate the remainder when 1110 is divided by 363.
21
What is the remainder when 8478 is divided by 212?
210
What is the remainder when 1305 is divided by 193?
147
What is the remainder when 1652 is divided by 12?
8
Calculate the remainder when 3079 is divided by 21.
13
What is the remainder when 2100 is divided by 356?
320
Calculate the remainder when 600 is divided by 575.
25
What is the remainder when 39 is divided by 6?
3
Calculate the remainder when 403 is divided by 69.
58
What is the remainder when 7434 is divided by 3711?
12
Calculate the remainder when 1067 is divided by 274.
245
Calculate the remainder when 628 is divided by 9.
7
What is the remainder when 143 is divided by 16?
15
What is the remainder when 93 is divided by 4?
1
What is the remainder when 733 is divided by 229?
46
Calculate the remainder when 340 is divided by 14.
4
What is the remainder when 9086 is divided by 64?
62
What is the remainder when 71 is divided by 26?
19
Calculate the remainder when 1247 is divided by 123.
17
Calculate the remainder when 146 is divided by 4.
2
What is the remainder when 310 is divided by 23?
11
What is the remainder when 3555 is divided by 154?
13
What is the remainder when 79 is divided by 19?
3
What is the remainder when 4278 is divided by 611?
1
Calculate the remainder when 104 is divided by 27.
23
What is the remainder when 3971 is divided by 71?
66
What is the remainder when 997 is divided by 50?
47
Calculate the remainder when 98 is divided by 5.
3
Calculate the remainder when 4803 is divided by 9.
6
What is the remainder when 228 is divided by 33?
30
What is the remainder when 63 is divided by 39?
24
What is the remainder when 2414 is divided by 302?
300
What is the remainder when 1378 is divided by 124?
14
What is the remainder when 120 is divided by 70?
50
What is the remainder when 469 is divided by 388?
81
Calculate the remainder when 414 is divided by 16.
14
Calculate the remainder when 5178 is divided by 28.
26
Calculate the remainder when 70 is divided by 19.
13
What is the remainder when 6829 is divided by 134?
129
What is the remainder when 2546 is divided by 40?
26
Calculate the remainder when 166 is divided by 79.
8
Calculate the remainder when 22387 is divided by 51.
49
Calculate the remainder when 491 is divided by 19.
16
What is the remainder when 1078 is divided by 99?
88
Calculate the remainder when 97 is divided by 35.
27
What is the remainder when 80 is divided by 43?
37
Calculate the remainder when 89 is divided by 15.
14
Calculate the remainder when 89 is divided by 20.
9
What is the remainder when 739 is divided by 74?
73
What is the remainder when 1081 is divided by 35?
31
What is the remainder when 392 is divided by 9?
5
Calculate the remainder when 65 is divided by 11.
10
What is the remainder when 60 is divided by 21?
18
What is the remainder when 90 is divided by 23?
21
What is the remainder when 205 is divided by 9?
7
What is the remainder when 527 is divided by 11?
10
What is the remainder when 451 is divided by 9?
1
What is the remainder when 1329 is divided by 63?
6
What is the remainder when 325 is divided by 60?
25
What is the remainder when 8697 is divided by 100?
97
Calculate the remainder when 81 is divided by 4.
1
What is the remainder when 358 is divided by 5?
3
What is the remainder when 74 is divided by 19?
17
What is the remainder when 17659 is divided by 29?
27
Calculate the remainder when 1378 is divided by 140.
118
Calculate the remainder when 385 is divided by 39.
34
What is the remainder when 149 is divided by 105?
44
What is the remainder when 49216 is divided by 92?
88
What is the remainder when 366 is divided by 45?
6
Calculate the remainder when 2516 is divided by 822.
50
What is the remainder when 236 is divided by 30?
26
What is the remainder when 90 is divided by 38?
14
What is the remainder when 92 is divided by 25?
17
Calculate the remainder when 7 is divided by 4.
3
What is the remainder when 205 is divided by 46?
21
Calculate the remainder when 216 is divided by 123.
93
Calculate the remainder when 861 is divided by 9.
6
What is the remainder when 5256 is divided by 117?
108
Calculate the remainder when 105 is divided by 6.
3
What is the remainder when 5117 is divided by 5116?
1
Calculate the remainder when 5812 is divided by 342.
340
Calculate the remainder when 1899 is divided by 25.
24
What is the remainder when 728 is divided by 10?
8
What is the remainder 